 What are the prime factors of o?
2, 5
Let z = 4248 + -2416. List the prime factors of z.
2, 229
Suppose 37 = 5*r + 3*i, 0 = -2*r + i + 6 - 0. Suppose -4*n + 549 + 239 = -4*v, -n + r*v + 213 = 0. What are the prime factors of n?
193
What are the prime factors of (158*(-1)/3)/((-4)/18)?
3, 79
List the prime factors of 18/42 + 2944/56.
53
Suppose 0 = 4*l - l + a - 11, 15 = 3*a. Suppose y - 206 = l*z, -z = -4*y + 2*y + 424. List the prime factors of y.
2, 107
Let t(i) = 14*i**2 - i. Let r be t(1). Let q = r - 11. List the prime factors of q*(-2 + 63/6).
17
What are the prime factors of 1142/2 + 3/3?
2, 11, 13
Let z(s) = -290*s - 155. What are the prime factors of z(-4)?
3, 5, 67
Suppose -3*h = 2*j - 4*j + 123, 4*h = -4. What are the prime factors of j?
2, 3, 5
Let d = -1558 + 2317. What are the prime factors of d?
3, 11, 23
Let h = 30 - 25. Let s(l) = 4*l**2 - 1. Let j be s(h). Suppose a + 2*a - j = 0. List the prime factors of a.
3, 11
List the prime factors of (-4)/(-6)*((-1394)/(-4) + 1).
233
Let o be -10*6/3*-1. Suppose 2*n - 7*n + o = 0. Let s(v) = v**3 - v**2 - 8*v - 2. List the prime factors of s(n).
2, 7
Let h = 2 - 2. Suppose 9*f + h*f = 252. List the prime factors of f.
2, 7
Let j be (-2)/4*(-9 + 1). List the prime factors of j/(-3)*150/(-4).
2, 5
Let l(h) = 37*h**2 - 32*h - 146. What are the prime factors of l(-6)?
2, 13, 53
Let l(z) = -z**3 - 24*z**2 - 59*z - 69. What are the prime factors of l(-23)?
3, 11, 23
Let t = 428 + -45. List the prime factors of t.
383
Let f = 622 - -123. List the prime factors of f.
5, 149
Suppose 1803 = 5*k - 3047. What are the prime factors of k?
2, 5, 97
Let n(j) = j**2 + 9*j - 3. Let i be n(-9). Let u be 1/(7 + i)*16. Suppose u*t - 7*t = -45. List the prime factors of t.
3, 5
Suppose -5 = -y, -3*d - 2*d = 5*y - 95. Let i be 1 + -2 - (6 - d). Suppose -x = -2*o + 3 + 18, -i = o - 4*x. What are the prime factors of o?
13
Let m(n) = -n**2 + 17*n - 9. Let w be m(18). Suppose 3*p - 49 = 2*p. Let j = p + w. List the prime factors of j.
2, 11
Suppose p = 5*p - 8. Suppose -2*b + 2 = -5*l, -2*b = -0*b - l - p. What are the prime factors of 2/(6/9) - b?
2
Suppose 5*k + 0*k = -s + 24, -5*s - 20 = -3*k. Suppose -v - 794 = -4*x, -604 = -8*x + k*x + 5*v. List the prime factors of x.
2, 3, 11
Suppose 290 = h - i, 2*i - 594 - 891 = -5*h. List the prime factors of h.
5, 59
Let f = -834 - -1506. List the prime factors of f.
2, 3, 7
Let i be (-4)/(-1 + -3 + 3). Suppose -u = -o - 256, -i*u = -3*o + 6*o + 768. What are the prime factors of -1*5/(20/o)?
2
Let f(b) = 142*b - 571. List the prime factors of f(19).
3, 709
Suppose -2*h - 30 + 72 = 0. List the prime factors of h - (-5)/5*3.
2, 3
Suppose -5*q = 3*b - 30, 2*q - 17 + 5 = 4*b. Suppose -x - 150 = -q*x. Let g = x - 4. What are the prime factors of g?
2, 13
Let o be (-1)/(-3*1/6). Let h(g) = 5*g + 15 - o*g + 2*g + g**2. What are the prime factors of h(-8)?
3, 13
Let v = 3 + 1. Suppose 0 = -o + 3, v*y + o - 24 - 43 = 0. List the prime factors of y.
2
Let z(k) = -10*k + 7. Suppose 9*i - 30 = 4*i. Let b be z(i). Let a = -22 - b. What are the prime factors of a?
31
Suppose -14 = -20*g - 34. Let h = -27 - -5. Let t = g - h. What are the prime factors of t?
3, 7
Let c = -43 + 77. What are the prime factors of 6/((-64)/c + 2)?
3, 17
Suppose -p = -4*j - 0 + 4, 0 = 4*p + 2*j - 2. Suppose -2*g + 23 = 2*z + g, p = z - g + 1. List the prime factors of z.
2
Suppose 4*y - 4 = -x, 5*x + y - 5 = -4*y. Suppose x = -2*n + 5*n - 15. Suppose -z + n = -9. List the prime factors of z.
2, 7
Suppose -124*h + 121*h = -9678. List the prime factors of h.
2, 1613
Let v(q) = q**3 + 11*q**2 - q - 8. Let a be v(-11). Suppose 5*z = 5*o - 320, -z - a*o - 80 = -20. Let i = z - -121. What are the prime factors of i?
2, 29
Let q(d) = d**3 + 6*d**2 - 2*d - 1. Let j be q(-3). Suppose 0 = 5*r + 42 + 63. Let o = r + j. List the prime factors of o.
11
Let q(m) = m**3 - 6*m**2 + 2*m + 1. Let a be q(6). What are the prime factors of (-12 + a)/(2/116)?
2, 29
Let o = -24 + 24. Suppose o = 2*k - 3*l - 135, 306 = -2*k + 7*k + 3*l. List the prime factors of k.
3, 7
Let q(r) = r**2 - 2*r - 1. Let l be q(3). Let y be 8/2 + (8 + -3)/(-1). What are the prime factors of (-2 - (l + -41)) + y?
2, 3
Let x = 154 + 3. Suppose 5*y + x = 4*s, 5*y + 200 = -0*s + 5*s. What are the prime factors of s?
43
Let h(l) = 2*l**2 + 10*l + 10. Let n be h(-8). Suppose -2*x + 2*q = -n, -x + 25 = -0*q - 3*q. What are the prime factors of x?
31
Let y(b) = b. Let g be y(0). Suppose 25 = -0*o - 5*o. What are the prime factors of g/(-3 + -1) - o?
5
Suppose 294 = 2*l + 94. Suppose -f + 4*f = -4*b + l, -4*f + 2*b + 170 = 0. List the prime factors of f.
2, 5
Let r be (-1 - 3 - -3)*-3. Suppose 59 = -2*g - 5*c - 186, 310 = -r*g + 4*c. What are the prime factors of 3/(2*(-15)/g)?
11
Let w = -16 - -5. Let o = -9 - w. Suppose 4*h - o*h = -a + 7, -3*h + 4*a + 38 = 0. List the prime factors of h.
2, 3
Suppose -4*j + 984 + 224 = 0. What are the prime factors of j?
2, 151
Let n be 2/(-2 - 0) + -23. Let i be (-228)/(-21)*(-7)/(-2). Let d = i + n. What are the prime factors of d?
2, 7
Let a(s) = s**3 - 15*s**2 + 16*s - 19. Let n be a(14). Suppose n*w = w + 640. List the prime factors of w.
2, 5
Suppose 0 = -3*b - 2 + 14. Suppose b*h - 8*h + 12 = 0. What are the prime factors of (9 + -6)/(h/22)?
2, 11
Let m(p) = 502*p - 102. List the prime factors of m(3).
2, 3, 13
What are the prime factors of ((-5068)/(-6))/(64/96)?
7, 181
Let g = 1 + 24. Let v(q) = 11*q - 1. Let j be v(5). Let f = j - g. List the prime factors of f.
29
Let p(g) = -6*g - 27 + 8*g + g + 13*g. Let n(w) = -8*w + 13. Let s(x) = -13*n(x) - 6*p(x). List the prime factors of s(3).
17
Let k(w) = w**2 - 3*w + 9. Let d = -5 - -8. List the prime factors of k(d).
3
Let q = 967 + -368. What are the prime factors of q?
599
Let h(r) = 9*r + 6*r - 2*r - 3*r + 2. Let j = -11 + 12. What are the prime factors of h(j)?
2, 3
Suppose -240 = -2*z + 4*c, -3*z + 4*c = -0*c - 370. What are the prime factors of z?
2, 5, 13
Let i = 69 + -62. Suppose 174 = -i*t + 9*t. List the prime factors of t.
3, 29
Let z = 1522 - -3946. List the prime factors of z.
2, 1367
Let w(p) = 8*p**2 - 30*p - 29. List the prime factors of w(11).
3, 7, 29
Let f be -3 + -1 + (-16 - -14). Suppose -2*y - 24 = -4*y. Let v = y + f. What are the prime factors of v?
2, 3
Suppose 28632 = 12*a + 12*a. What are the prime factors of a?
1193
Let c(p) = -2*p + 4. Let g be c(3). Let o = 2 - g. Suppose -2*v + 140 = o*t, 0 = 2*t + 2*v - 0*v - 68. What are the prime factors of t?
2, 3
Let n = -10575 + 14963. What are the prime factors of n?
2, 1097
Let z(f) = 73*f**2 + 5*f + 2. List the prime factors of z(3).
2, 337
Suppose -9*p - 2*l = -4*p - 14306, 0 = l - 3. List the prime factors of p/33 + (-1)/(-3).
3, 29
Let j(a) = -13*a**3 + 8*a**2 - 19*a - 65. List the prime factors of j(-7).
4919
Suppose -3*j - r = -825, -614 = -3*j - 4*r + 211. What are the prime factors of j?
5, 11
Let w(z) = 26*z - 7. Let v be w(-3). Let a = v - -126. What are the prime factors of a?
41
Let s = 865 + -618. What are the prime factors of s?
13, 19
Let g be 231/63 - (-2)/6. Suppose 3*l - 5*l + 66 = 2*u, -5*u + 131 = g*l. Suppose 0 = -3*s + 2*o + 62, 2*s - l = -s - 5*o. What are the prime factors of s?
2, 3
Let p(t) = t**3 + 6*t**2 - 24*t + 99. What are the prime factors of p(14)?
29, 127
Let i = 2 - 6. Let n be (-12 - -11) + 2*1. List the prime factors of 2 + 6 + i/n.
2
Let n be 280/15*6 - -2. Suppose 3*h + 4*d - n = 0, -2*d - 3*d = 4*h - 151. What are the prime factors of h?
2, 17
Let n be (36/24)/((-6)/(-104)). List the prime factors of 4780/n + (-10)/(-65)*1.
2, 23
Let h = -244 + 1348. What are the prime factors of h?
2, 3, 23
Let t = -8 + 11. Let d(z) = z**3 - 4*z**2 + 5*z - 3. Let k be d(t). Suppose k*g = 4*w - 135, -153 = -3*w - w - 3*g. What are the prime factors of w?
2, 3
Suppose -12*t + 4*t - 640 = 0. Let f = -8 - t. List the prime factors of f.
2, 3
Let f(b) = 7*b**2 - 3*b + 2. Suppose 4*y + 0*q + 12 = -4*q, -4*q - 14 = 3*y. Let j be f(y). Let a = j + 8. List the prime factors of a.
2
Let g(b) = -b**2 + 15. Let j = 1 - -4. Let y be g(j). List the prime factors of 1002/15 + (-2)/y.
67
Suppose 9*k = -4*k + 52. Suppose 3*o - 338 = -k*v, 0*o + o - 111 = -3*v. What are the prime